{"id":111,"date":"2018-07-05T11:38:50","date_gmt":"2018-07-05T09:38:50","guid":{"rendered":"http:\/\/www.lamaisondesmaux.fr\/?page_id=111"},"modified":"2024-04-10T11:55:31","modified_gmt":"2024-04-10T09:55:31","slug":"hypnotherapie","status":"publish","type":"page","link":"https:\/\/lamaisondesmaux.fr\/index.php\/mes-pratiques-2\/hypnotherapie\/","title":{"rendered":"Hypnose"},"content":{"rendered":"<p>[vc_row][vc_column width=\u00a0\u00bb1\/4&Prime;][vc_single_image image=\u00a0\u00bb20183&Prime;][\/vc_column][vc_column width=\u00a0\u00bb3\/4&Prime;][vc_column_text]<\/p>\n<p class=\"Standard\">Cette proc\u00e9dure se tourne vers la relation d&rsquo;aide. Elle permet d&rsquo;utiliser vos propres ressources, celles qui sont dans votre inconscient. Elle va agir sur les d\u00e9s\u00e9quilibres symptomatiques et comportementaux afin de pouvoir l\u00e2cher prise avec vos peurs, vos croyances et vos r\u00e9flexes qui viennent vous bloquer.<\/p>\n<p class=\"Standard\">Durant tout le long de la s\u00e9ance, vous \u00eates acteur et \u00e0 aucun moment vous ne serez en ins\u00e9curit\u00e9. Si quelque chose venait \u00e0 vous d\u00e9ranger, vous pourrez sortir de cet \u00e9tat hypnotique. Afin de profiter pleinement des effets de la s\u00e9ance, un espacement d&rsquo;une semaine minimum, voir de quinze jours, est souhaitable.<\/p>\n<ul>\n<li class=\"Standard\">tabac<\/li>\n<li class=\"Standard\">stress<\/li>\n<li class=\"Standard\">perte de poids<\/li>\n<li class=\"Standard\">allergie<\/li>\n<li class=\"Standard\">peurs<\/li>\n<li class=\"Standard\">perte de confiance en soi<\/li>\n<li class=\"Standard\">douleurs chroniques<\/li>\n<li class=\"Standard\">deuil<\/li>\n<li class=\"Standard\">tristesse<\/li>\n<\/ul>\n<p class=\"Standard\">Lors de la premi\u00e8re s\u00e9ance, nous commen\u00e7ons par faire connaissance et nous faisons l&rsquo;analyse de votre objectif. Lors des prochaines s\u00e9ances, nous refaisons une anamn\u00e8se qui sera \u00e9tudi\u00e9e par rapport \u00e0 l&rsquo;objectif de la s\u00e9ance. Cela dure une quinzaine de minutes.<\/p>\n<p>Je vous explique le plus clairement possible comment nous allons travailler et sur combien de temps. Apr\u00e8s votre accord, la s\u00e9ance peux commencer.<\/p>\n<p>Lors de la s\u00e9ance, il est souhaitable d&rsquo;\u00eatre seul. Si vous ne pouvez faire autrement, la personne devra rester \u00e0 l&rsquo;ext\u00e9rieur, le t\u00e9l\u00e9phone portable \u00e9teint et non en mode vibration. Merci de votre compr\u00e9hension.<br \/>\nSeule exception\u00a0: les mineurs doivent toujours \u00eatre accompagn\u00e9s par un des parents.<\/p>\n<p>Une seule s\u00e9ance peut suffire. Parfois 3 s\u00e9ances sont n\u00e9cessaires, en fonction de l&rsquo;anciennet\u00e9 de la probl\u00e9matique et de la personnalit\u00e9 du patient.<\/p>\n<h3>Tarifs :<\/h3>\n<p>La s\u00e9ance : 60\u20ac<br \/>\n<em>Relaxation, d\u00e9tente 50\u20ac<br \/>\nHypnose forfait 3 s\u00e9ances : 150\u20ac<br \/>\n<\/em>A domicile : 60\u20ac<em> (5 km autour du centre ville des Aveni\u00e8res, au del\u00e0, pr\u00e9voir frais kilom\u00e9triques)<br \/>\nForfait arr\u00eat du tabac : 200\u20ac<br \/>\n<\/em><\/p>\n<p>N&rsquo;h\u00e9sitez pas \u00e0 <a href=\"http:\/\/www.lamaisondesmaux.fr\/index.php\/me-contacter\/\">me contacter<\/a> pour plus de renseignements.[\/vc_column_text][\/vc_column][\/vc_row]<\/p>\n","protected":false},"excerpt":{"rendered":"<p>[vc_row][vc_column width=\u00a0\u00bb1\/4&Prime;][vc_single_image image=\u00a0\u00bb20183&Prime;][\/vc_column][vc_column width=\u00a0\u00bb3\/4&Prime;][vc_column_text] Cette proc\u00e9dure se tourne vers la relation d&rsquo;aide. Elle permet d&rsquo;utiliser vos propres ressources, celles qui sont dans votre inconscient. Elle va agir sur les d\u00e9s\u00e9quilibres symptomatiques et comportementaux afin de pouvoir l\u00e2cher prise avec vos peurs, vos croyances et vos r\u00e9flexes qui viennent vous bloquer. Durant tout le long de &#8230;<\/p>\n","protected":false},"author":1,"featured_media":0,"parent":19759,"menu_order":0,"comment_status":"closed","ping_status":"closed","template":"","meta":{"inline_featured_image":false,"_exactmetrics_skip_tracking":false,"_exactmetrics_sitenote_active":false,"_exactmetrics_sitenote_note":"","_exactmetrics_sitenote_category":0,"footnotes":""},"class_list":["post-111","page","type-page","status-publish","hentry"],"_links":{"self":[{"href":"https:\/\/lamaisondesmaux.fr\/index.php\/wp-json\/wp\/v2\/pages\/111"}],"collection":[{"href":"https:\/\/lamaisondesmaux.fr\/index.php\/wp-json\/wp\/v2\/pages"}],"about":[{"href":"https:\/\/lamaisondesmaux.fr\/index.php\/wp-json\/wp\/v2\/types\/page"}],"author":[{"embeddable":true,"href":"https:\/\/lamaisondesmaux.fr\/index.php\/wp-json\/wp\/v2\/users\/1"}],"replies":[{"embeddable":true,"href":"https:\/\/lamaisondesmaux.fr\/index.php\/wp-json\/wp\/v2\/comments?post=111"}],"version-history":[{"count":16,"href":"https:\/\/lamaisondesmaux.fr\/index.php\/wp-json\/wp\/v2\/pages\/111\/revisions"}],"predecessor-version":[{"id":20357,"href":"https:\/\/lamaisondesmaux.fr\/index.php\/wp-json\/wp\/v2\/pages\/111\/revisions\/20357"}],"up":[{"embeddable":true,"href":"https:\/\/lamaisondesmaux.fr\/index.php\/wp-json\/wp\/v2\/pages\/19759"}],"wp:attachment":[{"href":"https:\/\/lamaisondesmaux.fr\/index.php\/wp-json\/wp\/v2\/media?parent=111"}],"curies":[{"name":"wp","href":"https:\/\/api.w.org\/{rel}","templated":true}]}}